f*k + 368. What is the units digit of k?
0
Suppose 3*p + 392 = 31*p. What is the units digit of p?
4
Let p(z) = z**2 - 8*z + 12. Let f(r) = 1. Let g(b) = -b**2 - 4*b + 10. Let c be g(-5). Let j(y) = c*f(y) - p(y). What is the units digit of j(6)?
5
Let o(h) = -11*h**2 - 6*h - 43. Let b(a) = 5*a**2 + 3*a + 21. Let r(s) = 9*b(s) + 4*o(s). What is the units digit of r(5)?
7
What is the tens digit of 14/(-6) - 70080/(-72)?
7
Let z be ((-20)/12)/(1/(-3)). Let h be 15/25 - (-12)/z. Suppose h*r - 6*r = -36. What is the units digit of r?
2
Suppose 2*f - 4*y - 1969 - 1571 = 0, -2*f + 5*y = -3540. What is the tens digit of f?
7
Let o(x) = x**2 - 7*x + 4. Let g be o(6). Suppose -4*s - 133 = 3*f + 317, 0 = -5*f + 2*s - 750. What is the tens digit of (g/5)/(5/f)?
1
What is the units digit of ((-17)/(-3))/((-1)/(-18) + 0)?
2
What is the hundreds digit of 34*(1833/(-6))/(-13)?
7
Let l(w) = -44*w + 7. Let s(h) = 43*h - 8. Let x(b) = 5*l(b) + 4*s(b). Let j be x(-2). Let c = j + -67. What is the tens digit of c?
3
Let c be (4/8)/(1/(-32)). Let j = 6 + c. What is the units digit of j/8*-1*16?
0
Suppose -5*f - 138 = -3*y + 52, 2*f = -y + 56. Suppose -l + 3*l = -y. Let v = -17 - l. What is the units digit of v?
3
Suppose 0 = 4*l - 5 - 15. Suppose 3*b - u + 6 = -l*u, 2*u = -6. Suppose 5*h + 19 = 2*v - b, 4*v - h = 87. What is the tens digit of v?
2
Suppose -2*a = 3*q - 7425, 0 = -4*a - 16*q + 19*q + 14859. What is the units digit of a?
4
Suppose -3*q = -5*n - 8 - 2, 2*n = 3*q - 13. What is the tens digit of 1/5*q*73?
7
Let o(n) = 8*n**2 - 16*n + 10. Let z(m) = -17*m**2 + 32*m - 21. Let w(g) = 7*o(g) + 3*z(g). What is the tens digit of w(6)?
9
Suppose 0 = 2*r - 3*w - 3265, 0*r + 3*r - 4897 = 5*w. What is the hundreds digit of r?
6
Suppose 7*f = -f - 256. Let k = f + 70. What is the units digit of k?
8
Let d(i) = 6*i**3 - 4*i**2 + 15*i - 16. What is the thousands digit of d(8)?
2
Let i be 2/(-12) - (-3752)/48. Suppose 88 = l - i. Suppose 5*p - l - 39 = 0. What is the tens digit of p?
4
Let z(l) = -6*l + 82. Let a be z(-12). Let u(h) = 4*h**2 - 6*h - 5. Let n be u(6). Let v = a - n. What is the units digit of v?
1
Suppose -o = -322 + 75. What is the units digit of (-8)/2 + (o - (-1 - 0))?
4
Let g = -25 - -16. Let m be (g/(-18))/((-2)/(-8)). Suppose -2*v = 4*h - 68, -h + 38 = v + m*h. What is the units digit of v?
6
Let y be 4*5/40 + 19/(-2). What is the tens digit of y - -5 - (-88 - 1)?
8
Suppose -3*f = -f - 34. Let q = f + -13. Suppose 26 = -q*g + 5*g. What is the tens digit of g?
2
Let o = -619 - -1348. What is the tens digit of o?
2
Let m = 68 - 67. What is the units digit of ((-445)/5)/((3/m)/(-3))?
9
Suppose -12 + 0 = -r - 4*p, -5*r + p = 3. Suppose r = 4*b + 2*b. Suppose b = -4*v - 4, 5*q - 4*v = 21 + 163. What is the units digit of q?
6
Let s = 261 - 183. Suppose 3*o = s + 132. What is the tens digit of o?
7
Let a be -3 + (-3 - -14) + -3. Suppose n + 0*n = 4*t - 85, -105 = -4*t + a*n. What is the units digit of t?
0
Let u(v) = -v**3 - v**2 + 2*v + 29. Let f = -61 - -61. What is the tens digit of u(f)?
2
What is the tens digit of -10*(-2)/15*11*24?
5
Let a be 9*7 + 2 - 0. Let u be (-270)/a + (-4)/(-26). Let s(m) = m**2 + 3*m - 1. What is the units digit of s(u)?
3
Let m = 2988 + -1244. What is the thousands digit of m?
1
Suppose -36*b = -30*b - 4194. What is the hundreds digit of b?
6
Suppose 2*v + z - 1963 - 709 = 0, -3*z - 4026 = -3*v. What is the units digit of v?
8
Suppose 5*d - 1215 = -j - 3*j, -d = -3*j + 897. What is the units digit of (j/3)/4 + 0?
5
Suppose 0 = 4*t - 3*o - 511 - 17, -t = -o - 131. Suppose -4*i + t = -1. What is the units digit of i?
4
Let a(u) = 3*u**2 + 6*u + 3. Let d be a(-2). Suppose 106 = -p + d*p. What is the tens digit of p?
5
Let s(f) = -44*f - 44. Let g be s(7). Let y = g - -500. What is the units digit of y?
8
What is the units digit of (-28)/(-21) + (-1672)/(-6)?
0
Let g(s) = s - 15. Let x be g(-5). What is the units digit of x/(-6)*243/45?
8
Let y(h) = -h**2 - 5*h - 5. Let b be y(-8). Let z = b - -104. What is the units digit of z?
5
Let k be 2/(-11) + 156/11. Suppose 19*h = 14*h + 15. Suppose -4*t + h*t = -k. What is the units digit of t?
4
Let w(o) = -232*o - 594. What is the tens digit of w(-14)?
5
Suppose -5*h = 2*c, 13 = 2*h - 3*c - 6. Suppose -4*v + 188 = 4*k, -2*v = h*k + k - 90. What is the units digit of (-6)/(-4) - v/(-2)?
7
Let c = -21 - -24. Suppose 5*f + c*l = 250 - 60, -3*l = f - 26. What is the tens digit of f?
4
Let c be -4 + 12 + 3/(-1). Suppose 0 = 3*p + 3, c*g = 3*g - p + 67. Let n = g - -39. What is the units digit of n?
3
Let k(a) = 6*a**2 - 3. Let z be k(2). Suppose -7*r + 6*r = z. What is the tens digit of 3/(-7) - 1290/r?
6
Suppose y = 4*t + 392, -t - 483 = 4*t - 3*y. Let j = 189 + t. What is the tens digit of j?
9
Let c(x) = 31*x**2 - x + 1. Let r be c(1). Suppose -3*n = 5*v - 87, -n - 2 + r = v. What is the tens digit of n?
2
Let u(p) = p**3 + p**2 - 3*p + 1. Let a be u(3). Suppose 0 = -4*m - a + 4. What is the units digit of 27/(-18)*4/m?
1
Let s = 33 + -32. Let n be -4*((-6)/2 - s). Let x = n - -26. What is the tens digit of x?
4
Let y = 8 + 9. Suppose -4*w + 7*w = -4*v + y, 2*v - 9 = -w. What is the tens digit of -6*w/4*26?
3
What is the hundreds digit of (-4 - -2)*13893/(-22)?
2
Let d be 240/(-25) + (-4)/10. Let u be (-10)/(-3)*(-18)/d. What is the units digit of (1 - -1)*u/4?
3
Let k = 160 + 136. Let x = k - 118. What is the tens digit of x?
7
What is the hundreds digit of (-5223)/(-9) + (-8)/(-12)?
5
Let d be (-86)/(-10) - 8/(-20). What is the units digit of 20/90 + 682/d?
6
Suppose -4*z = -3*v + 331, 5*v + 4*z - 513 = z. What is the hundreds digit of v?
1
Let q(g) = 328*g**3 + 8*g**2 - 6*g - 3. What is the units digit of q(2)?
1
Suppose -5*x + 5*t - 72 + 7 = 0, 5*x - 4*t + 60 = 0. Let a be (-102)/x - 8/(-32). Let h(v) = 4*v + 23. What is the tens digit of h(a)?
7
Suppose -14 = -5*z + 26. Let i be 1/(0 + 4/z). What is the units digit of i - (-2 - -3) - -35?
6
Let c(v) = v**2 - 4*v - 4. Let g(w) = w**2 + 12*w + 16. Let a be g(-10). What is the tens digit of c(a)?
2
What is the tens digit of (-4)/(-26) + (-7443)/(-39) + 2?
9
Suppose -2*a + 235 = 3*a. Suppose -4*f + x - 68 = -x, -2*f = 5*x + 10. Let k = f + a. What is the tens digit of k?
3
Suppose -3*g + 1375 = 4*y + 174, -g + 897 = 3*y. What is the tens digit of y?
9
Suppose -4*a = -12*a + 10112. What is the thousands digit of a?
1
Let m = -43 + 118. Let l = m + -57. What is the units digit of l?
8
Let n(a) = a**2 - 9*a - 4. Let b be n(9). Let x be b*((-3)/1 + 2). Suppose 0 = x*r - 2*u - 96, -5*r + 0*u + 110 = -5*u. What is the units digit of r?
6
Let k = -40 - -4. Suppose 248 - 18 = -10*o. Let a = o - k. What is the tens digit of a?
1
Suppose 2*n - 124 = -2*n. Let b = n - 4. Let p = b - 0. What is the units digit of p?
7
Let r(j) = -8*j - 5. Let a be r(-5). Let o = -118 - a. What is the tens digit of (o/6)/((-9)/12)?
3
Let t(y) = 25*y + 4. Suppose -7*j = -52 - 4. What is the units digit of t(j)?
4
What is the units digit of 260/6*(16/1 - -2)?
0
Let a(s) = -19*s - 136. What is the hundreds digit of a(-22)?
2
Let a = -86 - -168. Suppose 2*j = n - 4*n + 184, -j = -n - a. What is the tens digit of j?
8
Suppose 6 + 10 = -4*w. Let r be (-11 + 1)*w/10. What is the tens digit of 19 - (r - (5 - 2))?
1
Let x be ((-8)/12)/(1/((-3)/(-2))). What is the units digit of -11*x*(4 + -3)?
1
Let j(g) be the second derivative of -g**4/4 - 5*g**3/6 - 2*g**2 - 2*g. Let i(d) be the first derivative of j(d). What is the units digit of i(-5)?
5
Let u(g) = 55*g**2 - 23*g - 56. What is the tens digit of u(-7)?
0
Let g = -98 + 146. Suppose -5*h + g + 45 = 2*y, -4*h = -y - 64. What is the tens digit of 2/(-4)*4 + h?
1
Suppose 2*d - 4*h - 7122 = 0, 12*d - 15*d + 10693 = -4*h. What is the tens digit of d?
7
Let l(u) be the third derivative of -u**6/120 + u**5/5 + u**4/8 - 4*u**3/3 + 2*u**2. What is the tens digit of l(11)?
4
Let d be 54/7 + (-28)/(-98). Let g(j) = j**2 + 13*j + 26. What is the tens digit of g(d)?
9
Let w(m) = 3*m + 638. What is the tens digit of w(-7)?
1
Let n = -4 - -7. Let t(f) be the first derivative of f**3/3 + f - 6. What is the units digit of t(n)?
0
Let y = 6 - 4. Suppose -3*q = 5*v - 78, -4*q + 0 + y = v. What is the units digit of v?
8
Let i(d) =